{"id":127,"date":"2022-10-18T15:19:17","date_gmt":"2022-10-18T13:19:17","guid":{"rendered":"https:\/\/www.cestdesign.fr\/?post_type=product&#038;p=127"},"modified":"2025-03-17T11:49:22","modified_gmt":"2025-03-17T10:49:22","slug":"lampe-de-table-edison-the-medium","status":"publish","type":"product","link":"https:\/\/www.cestdesign.fr\/index.php\/produit\/lampe-de-table-edison-the-medium\/","title":{"rendered":"Lampe de table Edison The Medium"},"content":{"rendered":"<ul>\n<li class=\"list-item\">51 x 32 cm.<\/li>\n<li class=\"list-item\">3 kg.<\/li>\n<li class=\"list-item\">R\u00e9sistant aux \u00e9claboussures.<\/li>\n<li class=\"list-item\">Contr\u00f4lable \u00e0 distance via Fatboy Light Control App. Variateur de lumi\u00e8re int\u00e9gr\u00e9.<\/li>\n<li class=\"list-item\">2700 Kelvin.<\/li>\n<li class=\"list-item\">5 Watt.<\/li>\n<li class=\"list-item\">211 Lumens.<\/li>\n<li class=\"list-item\">100-240 V AC,50\/60 Hz.<\/li>\n<li class=\"list-item\">Utilisation: int\u00e9rieur et ext\u00e9rieur.<\/li>\n<li class=\"list-item\">L\u2019ext\u00e9rieur de l\u2019Edison the Medium est fait de poly\u00e9thyl\u00e8ne.<\/li>\n<li class=\"list-item\">L\u2019int\u00e9rieur de l\u2019Edison the Medium consiste d\u2019une base en aluminium et d\u2019un syst\u00e8me LED.<\/li>\n<li class=\"list-item\">Prise fixe incluse (EU \/ UK).<\/li>\n<li class=\"list-item\">Source lumineuse non rempla\u00e7able.<\/li>\n<li class=\"list-item\">Temp\u00e9rature ambiante: -10\u00b0C &#8211; 40\u00b0C<\/li>\n<\/ul>\n","protected":false},"excerpt":{"rendered":"<p>La lampe Fatboy Edison the Medium est \u00e9l\u00e9gante, \u00e9cologique et robuste, gr\u00e2ce au poly\u00e9thyl\u00e8ne. Avec sa couleur blanche subtile, cette grande lampe de table ajoute une superbe touche chez toi. Apporte de la lumi\u00e8re \u00e0 l\u2019int\u00e9rieur et \u00e0 l\u2019ext\u00e9rieur avec cette lampe de table blanche. La luminosit\u00e9 de cette grande lampe de table LED peut \u00eatre r\u00e9gl\u00e9e et a une port\u00e9e de pas moins de 10 m\u00e8tres.<\/p>\n","protected":false},"featured_media":129,"comment_status":"open","ping_status":"closed","template":"","meta":{"spay_email":""},"product_cat":[15],"product_tag":[],"class_list":["post-127","product","type-product","status-publish","has-post-thumbnail","hentry","product_cat-non-classe"],"_links":{"self":[{"href":"https:\/\/www.cestdesign.fr\/index.php\/wp-json\/wp\/v2\/product\/127","targetHints":{"allow":["GET"]}}],"collection":[{"href":"https:\/\/www.cestdesign.fr\/index.php\/wp-json\/wp\/v2\/product"}],"about":[{"href":"https:\/\/www.cestdesign.fr\/index.php\/wp-json\/wp\/v2\/types\/product"}],"replies":[{"embeddable":true,"href":"https:\/\/www.cestdesign.fr\/index.php\/wp-json\/wp\/v2\/comments?post=127"}],"wp:featuredmedia":[{"embeddable":true,"href":"https:\/\/www.cestdesign.fr\/index.php\/wp-json\/wp\/v2\/media\/129"}],"wp:attachment":[{"href":"https:\/\/www.cestdesign.fr\/index.php\/wp-json\/wp\/v2\/media?parent=127"}],"wp:term":[{"taxonomy":"product_cat","embeddable":true,"href":"https:\/\/www.cestdesign.fr\/index.php\/wp-json\/wp\/v2\/product_cat?post=127"},{"taxonomy":"product_tag","embeddable":true,"href":"https:\/\/www.cestdesign.fr\/index.php\/wp-json\/wp\/v2\/product_tag?post=127"}],"curies":[{"name":"wp","href":"https:\/\/api.w.org\/{rel}","templated":true}]}}